{"version":"1.0","provider_name":"EAF FVA","provider_url":"https:\/\/eaf-fva.net\/eu\/","title":"Victoria de Igor Urien en Monza - EAF FVA","type":"rich","width":600,"height":338,"html":"<blockquote class=\"wp-embedded-content\" data-secret=\"sNIBmtAmd9\"><a href=\"https:\/\/eaf-fva.net\/eu\/victoria-de-igor-urien-en-monza\/\">Victoria de Igor Urien en Monza<\/a><\/blockquote><iframe sandbox=\"allow-scripts\" security=\"restricted\" src=\"https:\/\/eaf-fva.net\/eu\/victoria-de-igor-urien-en-monza\/embed\/#?secret=sNIBmtAmd9\" width=\"600\" height=\"338\" title=\"&#8220;Victoria de Igor Urien en Monza&#8221; &#8212; EAF FVA\" data-secret=\"sNIBmtAmd9\" frameborder=\"0\" marginwidth=\"0\" marginheight=\"0\" scrolling=\"no\" class=\"wp-embedded-content\"><\/iframe><script>\n\/*! This file is auto-generated *\/\n!function(d,l){\"use strict\";l.querySelector&&d.addEventListener&&\"undefined\"!=typeof URL&&(d.wp=d.wp||{},d.wp.receiveEmbedMessage||(d.wp.receiveEmbedMessage=function(e){var t=e.data;if((t||t.secret||t.message||t.value)&&!\/[^a-zA-Z0-9]\/.test(t.secret)){for(var s,r,n,a=l.querySelectorAll('iframe[data-secret=\"'+t.secret+'\"]'),o=l.querySelectorAll('blockquote[data-secret=\"'+t.secret+'\"]'),c=new RegExp(\"^https?:$\",\"i\"),i=0;i<o.length;i++)o[i].style.display=\"none\";for(i=0;i<a.length;i++)s=a[i],e.source===s.contentWindow&&(s.removeAttribute(\"style\"),\"height\"===t.message?(1e3<(r=parseInt(t.value,10))?r=1e3:~~r<200&&(r=200),s.height=r):\"link\"===t.message&&(r=new URL(s.getAttribute(\"src\")),n=new URL(t.value),c.test(n.protocol))&&n.host===r.host&&l.activeElement===s&&(d.top.location.href=t.value))}},d.addEventListener(\"message\",d.wp.receiveEmbedMessage,!1),l.addEventListener(\"DOMContentLoaded\",function(){for(var e,t,s=l.querySelectorAll(\"iframe.wp-embedded-content\"),r=0;r<s.length;r++)(t=(e=s[r]).getAttribute(\"data-secret\"))||(t=Math.random().toString(36).substring(2,12),e.src+=\"#?secret=\"+t,e.setAttribute(\"data-secret\",t)),e.contentWindow.postMessage({message:\"ready\",secret:t},\"*\")},!1)))}(window,document);\n\/\/# sourceURL=https:\/\/eaf-fva.net\/wp-includes\/js\/wp-embed.min.js\n<\/script>\n","thumbnail_url":null,"thumbnail_width":null,"thumbnail_height":null,"description":"Inmejorable comienzo de fin de semana para Igor Urien en el Circuito de Monza. Despu\u00e9s de una complicada sesi\u00f3n de calificaci\u00f3n en la que ha terminado en segunda plaza, el piloto vizca\u00edno ha podido subirse a lo m\u00e1s alto del podio y, con ello, sumar la primera victoria de la temporada 2013 en su categor\u00eda,..."}

Inmejorable comienzo de fin de semana para Igor Urien en el Circuito de Monza. Después de una complicada sesión de calificación en la que ha terminado en segunda plaza, el piloto vizcaíno ha podido subirse a lo más alto del podio y, con ello, sumar la primera victoria de la temporada 2013 en su categoría,...
