{"version":"1.0","provider_name":"EAF FVA","provider_url":"https:\/\/eaf-fva.net\/eu\/","title":"Presentada la X Subida a Aia - EAF FVA","type":"rich","width":600,"height":338,"html":"<blockquote class=\"wp-embedded-content\" data-secret=\"wosP8xOg2x\"><a href=\"https:\/\/eaf-fva.net\/eu\/presentada-la-x-subida-a-aia\/\">Presentada la X Subida a Aia<\/a><\/blockquote><iframe sandbox=\"allow-scripts\" security=\"restricted\" src=\"https:\/\/eaf-fva.net\/eu\/presentada-la-x-subida-a-aia\/embed\/#?secret=wosP8xOg2x\" width=\"600\" height=\"338\" title=\"&#8220;Presentada la X Subida a Aia&#8221; &#8212; EAF FVA\" data-secret=\"wosP8xOg2x\" frameborder=\"0\" marginwidth=\"0\" marginheight=\"0\" scrolling=\"no\" class=\"wp-embedded-content\"><\/iframe><script>\n\/*! This file is auto-generated *\/\n!function(d,l){\"use strict\";l.querySelector&&d.addEventListener&&\"undefined\"!=typeof URL&&(d.wp=d.wp||{},d.wp.receiveEmbedMessage||(d.wp.receiveEmbedMessage=function(e){var t=e.data;if((t||t.secret||t.message||t.value)&&!\/[^a-zA-Z0-9]\/.test(t.secret)){for(var s,r,n,a=l.querySelectorAll('iframe[data-secret=\"'+t.secret+'\"]'),o=l.querySelectorAll('blockquote[data-secret=\"'+t.secret+'\"]'),c=new RegExp(\"^https?:$\",\"i\"),i=0;i<o.length;i++)o[i].style.display=\"none\";for(i=0;i<a.length;i++)s=a[i],e.source===s.contentWindow&&(s.removeAttribute(\"style\"),\"height\"===t.message?(1e3<(r=parseInt(t.value,10))?r=1e3:~~r<200&&(r=200),s.height=r):\"link\"===t.message&&(r=new URL(s.getAttribute(\"src\")),n=new URL(t.value),c.test(n.protocol))&&n.host===r.host&&l.activeElement===s&&(d.top.location.href=t.value))}},d.addEventListener(\"message\",d.wp.receiveEmbedMessage,!1),l.addEventListener(\"DOMContentLoaded\",function(){for(var e,t,s=l.querySelectorAll(\"iframe.wp-embedded-content\"),r=0;r<s.length;r++)(t=(e=s[r]).getAttribute(\"data-secret\"))||(t=Math.random().toString(36).substring(2,12),e.src+=\"#?secret=\"+t,e.setAttribute(\"data-secret\",t)),e.contentWindow.postMessage({message:\"ready\",secret:t},\"*\")},!1)))}(window,document);\n\/\/# sourceURL=https:\/\/eaf-fva.net\/wp-includes\/js\/wp-embed.min.js\n<\/script>\n","thumbnail_url":null,"thumbnail_width":null,"thumbnail_height":null,"description":"El pr\u00f3ximo s\u00e1bado se disputa la d\u00e9cima edici\u00f3n de la Subida a Aia, cuarta prueba puntuable para el Campeonato Vasco de Monta\u00f1a 2017 La organizaci\u00f3n de la prueba recae un a\u00f1o m\u00e1s en la Escuder\u00eda Lagun Artea. La presentaci\u00f3n de la prueba ha tenido lugar esta tarde en la Sociedad Cultural Uhatemu\u00f1o con la presencia..."}

El próximo sábado se disputa la décima edición de la Subida a Aia, cuarta prueba puntuable para el Campeonato Vasco de Montaña 2017 La organización de la prueba recae un año más en la Escudería Lagun Artea. La presentación de la prueba ha tenido lugar esta tarde en la Sociedad Cultural Uhatemuño con la presencia...
